{"id":1433,"date":"2015-04-07T09:58:55","date_gmt":"2015-04-07T09:58:55","guid":{"rendered":"https:\/\/mickewp.cloudshare.info\/?page_id=1433"},"modified":"2017-07-28T13:07:09","modified_gmt":"2017-07-28T11:07:09","slug":"bra-sidor","status":"publish","type":"page","link":"https:\/\/mickewp.cloudshare.info\/?page_id=1433","title":{"rendered":"Bra sidor"},"content":{"rendered":"<h2>Bra sidor<\/h2>\n<p><span style=\"font-size: 12px;\">(denna sektion \u00e4r synlig vare sig man \u00e4r VIP eller inte)<\/span><\/p>\n<p>&nbsp;<\/p>\n<p>H\u00e4r p\u00e5 Bra sidor finns nyttiga l\u00e4nkar som r\u00f6r allt som har med foto att g\u00f6ra. Har du en egen sida du vill ha l\u00e4nkad <span style=\"font-size: 12px;\">(endast VIP kan f\u00e5 sidor l\u00e4nkade)<\/span> h\u00e4r s\u00e5 \u00e4r det bara h\u00f6ra av dig till mig s\u00e5 ordnar jag detta. Det enda jag vill ha i utbyte \u00e4r att jag f\u00e5r min sida \u00a0<a href=\"https:\/\/mickewp.cloudshare.info\"><img decoding=\"async\" loading=\"lazy\" class=\"alignnone wp-image-2292 size-full\" src=\"http:\/\/mickewp.cloudshare.info\/wp-content\/uploads\/2015\/04\/slackssonnew5thumb.png\" alt=\"slacksson Bra sidor\" width=\"73\" height=\"20\" \/><\/a>\u00a0l\u00e4nkad fr\u00e5n din. \u00c4n b\u00e4ttre om du vill anv\u00e4nda min logga p\u00e5 din sida och l\u00e4nka: <a href=\"http:\/\/mickewp.cloudshare.info\/wp-content\/uploads\/2015\/04\/slackssonnew5.png\" target=\"_blank\" rel=\"noopener\">Logga<\/a><\/p>\n<p>&nbsp;<\/p>\n<ul>\n<li><span style=\"font-size: 14px;\"><a href=\"http:\/\/www.kamerabild.se\/\" target=\"_blank\" rel=\"noopener\">Kamera och Bild<\/a><\/span><\/li>\n<li><span style=\"font-size: 14px;\"><a href=\"http:\/\/www.photographyblog.com\/\" target=\"_blank\" rel=\"noopener\">Photography Blog<\/a><\/span><\/li>\n<li><span style=\"font-size: 14px;\"><a href=\"http:\/\/www.fotosidan.se\/\" target=\"_blank\" rel=\"noopener\">Fotosidan<\/a><\/span><\/li>\n<li><span style=\"font-size: 14px;\"><a href=\"http:\/\/www.worldphoto.org\/\" target=\"_blank\" rel=\"noopener\">World Photography Organisation<\/a><\/span><\/li>\n<li><span style=\"font-size: 14px;\"><a href=\"http:\/\/digitalfotoforalla.se\/\" target=\"_blank\" rel=\"noopener\">Digitalfoto f\u00f6r alla<\/a><\/span><\/li>\n<li><span style=\"font-size: 14px;\"><a href=\"https:\/\/tinyjpg.com\/\" target=\"_blank\" rel=\"noopener\">TinyJPG<\/a><\/span><\/li>\n<\/ul>\n<p>&nbsp;<\/p>\n<p>VIP medlemmars l\u00e4nkar<\/p>\n<p>&nbsp;<\/p>\n<ul>\n<li><span style=\"font-size: 14px;\">FredrikJP: <a href=\"http:\/\/www.j-ps.se\/\" target=\"_blank\" rel=\"noopener\">J-ps.se<\/a><\/span><\/li>\n<\/ul>\n<p>&nbsp;<\/p>\n<p>Samarbeten<\/p>\n<p>&nbsp;<\/p>\n<ul>\n<li>Birdie: <a href=\"http:\/\/www.birdienumnum.nu\" target=\"_blank\" rel=\"noopener\">birdienumnum.nu<\/a><\/li>\n<li>Michael Andersson: <a href=\"https:\/\/michaelandersson.nu\" target=\"_blank\" rel=\"noopener\">michaelandersson.nu<\/a><\/li>\n<li>Fifam\u00e4stare: <a href=\"https:\/\/www.fifamastare.se\" target=\"_blank\" rel=\"noopener\">fifamastare.se<\/a><\/li>\n<li>A-personal och rekrytering AB: <a href=\"https:\/\/www.apersonal.se\" target=\"_blank\" rel=\"noopener\">apersonal.se<\/a><\/li>\n<\/ul>\n","protected":false},"excerpt":{"rendered":"<p>Bra sidor (denna sektion \u00e4r synlig vare sig man \u00e4r VIP eller inte) &nbsp; H\u00e4r p\u00e5 Bra sidor finns nyttiga l\u00e4nkar som r\u00f6r allt som har med foto att g\u00f6ra. Har du en egen sida du vill ha l\u00e4nkad (endast VIP kan f\u00e5 sidor l\u00e4nkade) h\u00e4r s\u00e5 \u00e4r det bara h\u00f6ra av dig till mig [&hellip;]<\/p>\n","protected":false},"author":1,"featured_media":0,"parent":0,"menu_order":0,"comment_status":"closed","ping_status":"open","template":"","meta":[],"yoast_head":"<!-- This site is optimized with the Yoast SEO plugin v20.12 - https:\/\/yoast.com\/wordpress\/plugins\/seo\/ -->\n<title>Bra sidor- Slacksson - L\u00e4nkar till fotorelaterade sidor<\/title>\n<meta name=\"description\" content=\"L\u00e4nkar till bra sidor som r\u00f6r allt som har med foto att g\u00f6ra, bland andra World Photography Organisation. \u00c4r du \u00e4ven VIP kan du f\u00e5 din egen sida l\u00e4nkad h\u00e4r.\" \/>\n<meta name=\"robots\" content=\"index, follow, max-snippet:-1, max-image-preview:large, max-video-preview:-1\" \/>\n<link rel=\"canonical\" href=\"https:\/\/mickewp.cloudshare.info\/?page_id=1433\" \/>\n<meta property=\"og:locale\" content=\"sv_SE\" \/>\n<meta property=\"og:type\" content=\"article\" \/>\n<meta property=\"og:title\" content=\"Bra sidor- Slacksson - L\u00e4nkar till fotorelaterade sidor\" \/>\n<meta property=\"og:description\" content=\"L\u00e4nkar till bra sidor som r\u00f6r allt som har med foto att g\u00f6ra, bland andra World Photography Organisation. \u00c4r du \u00e4ven VIP kan du f\u00e5 din egen sida l\u00e4nkad h\u00e4r.\" \/>\n<meta property=\"og:url\" content=\"https:\/\/mickewp.cloudshare.info\/?page_id=1433\" \/>\n<meta property=\"og:site_name\" content=\"Slacksson\" \/>\n<meta property=\"article:modified_time\" content=\"2017-07-28T11:07:09+00:00\" \/>\n<meta property=\"og:image\" content=\"http:\/\/mickewp.cloudshare.info\/wp-content\/uploads\/2015\/04\/slackssonnew5thumb.png\" \/>\n<meta name=\"twitter:card\" content=\"summary_large_image\" \/>\n<meta name=\"twitter:site\" content=\"@slacksson\" \/>\n<meta name=\"twitter:label1\" content=\"Ber\u00e4knad l\u00e4stid\" \/>\n\t<meta name=\"twitter:data1\" content=\"1 minut\" \/>\n<script type=\"application\/ld+json\" class=\"yoast-schema-graph\">{\"@context\":\"https:\/\/schema.org\",\"@graph\":[{\"@type\":\"WebPage\",\"@id\":\"https:\/\/mickewp.cloudshare.info\/?page_id=1433\",\"url\":\"https:\/\/mickewp.cloudshare.info\/?page_id=1433\",\"name\":\"Bra sidor- Slacksson - L\u00e4nkar till fotorelaterade sidor\",\"isPartOf\":{\"@id\":\"https:\/\/mickewp.cloudshare.info\/#website\"},\"datePublished\":\"2015-04-07T09:58:55+00:00\",\"dateModified\":\"2017-07-28T11:07:09+00:00\",\"description\":\"L\u00e4nkar till bra sidor som r\u00f6r allt som har med foto att g\u00f6ra, bland andra World Photography Organisation. \u00c4r du \u00e4ven VIP kan du f\u00e5 din egen sida l\u00e4nkad h\u00e4r.\",\"breadcrumb\":{\"@id\":\"https:\/\/mickewp.cloudshare.info\/?page_id=1433#breadcrumb\"},\"inLanguage\":\"sv-SE\",\"potentialAction\":[{\"@type\":\"ReadAction\",\"target\":[\"https:\/\/mickewp.cloudshare.info\/?page_id=1433\"]}]},{\"@type\":\"BreadcrumbList\",\"@id\":\"https:\/\/mickewp.cloudshare.info\/?page_id=1433#breadcrumb\",\"itemListElement\":[{\"@type\":\"ListItem\",\"position\":1,\"name\":\"Hem\",\"item\":\"https:\/\/mickewp.cloudshare.info\/\"},{\"@type\":\"ListItem\",\"position\":2,\"name\":\"Bra sidor\"}]},{\"@type\":\"WebSite\",\"@id\":\"https:\/\/mickewp.cloudshare.info\/#website\",\"url\":\"https:\/\/mickewp.cloudshare.info\/\",\"name\":\"Slacksson\",\"description\":\"\",\"potentialAction\":[{\"@type\":\"SearchAction\",\"target\":{\"@type\":\"EntryPoint\",\"urlTemplate\":\"https:\/\/mickewp.cloudshare.info\/?s={search_term_string}\"},\"query-input\":\"required name=search_term_string\"}],\"inLanguage\":\"sv-SE\"}]}<\/script>\n<!-- \/ Yoast SEO plugin. -->","yoast_head_json":{"title":"Bra sidor- Slacksson - L\u00e4nkar till fotorelaterade sidor","description":"L\u00e4nkar till bra sidor som r\u00f6r allt som har med foto att g\u00f6ra, bland andra World Photography Organisation. \u00c4r du \u00e4ven VIP kan du f\u00e5 din egen sida l\u00e4nkad h\u00e4r.","robots":{"index":"index","follow":"follow","max-snippet":"max-snippet:-1","max-image-preview":"max-image-preview:large","max-video-preview":"max-video-preview:-1"},"canonical":"https:\/\/mickewp.cloudshare.info\/?page_id=1433","og_locale":"sv_SE","og_type":"article","og_title":"Bra sidor- Slacksson - L\u00e4nkar till fotorelaterade sidor","og_description":"L\u00e4nkar till bra sidor som r\u00f6r allt som har med foto att g\u00f6ra, bland andra World Photography Organisation. \u00c4r du \u00e4ven VIP kan du f\u00e5 din egen sida l\u00e4nkad h\u00e4r.","og_url":"https:\/\/mickewp.cloudshare.info\/?page_id=1433","og_site_name":"Slacksson","article_modified_time":"2017-07-28T11:07:09+00:00","og_image":[{"url":"http:\/\/mickewp.cloudshare.info\/wp-content\/uploads\/2015\/04\/slackssonnew5thumb.png"}],"twitter_card":"summary_large_image","twitter_site":"@slacksson","twitter_misc":{"Ber\u00e4knad l\u00e4stid":"1 minut"},"schema":{"@context":"https:\/\/schema.org","@graph":[{"@type":"WebPage","@id":"https:\/\/mickewp.cloudshare.info\/?page_id=1433","url":"https:\/\/mickewp.cloudshare.info\/?page_id=1433","name":"Bra sidor- Slacksson - L\u00e4nkar till fotorelaterade sidor","isPartOf":{"@id":"https:\/\/mickewp.cloudshare.info\/#website"},"datePublished":"2015-04-07T09:58:55+00:00","dateModified":"2017-07-28T11:07:09+00:00","description":"L\u00e4nkar till bra sidor som r\u00f6r allt som har med foto att g\u00f6ra, bland andra World Photography Organisation. \u00c4r du \u00e4ven VIP kan du f\u00e5 din egen sida l\u00e4nkad h\u00e4r.","breadcrumb":{"@id":"https:\/\/mickewp.cloudshare.info\/?page_id=1433#breadcrumb"},"inLanguage":"sv-SE","potentialAction":[{"@type":"ReadAction","target":["https:\/\/mickewp.cloudshare.info\/?page_id=1433"]}]},{"@type":"BreadcrumbList","@id":"https:\/\/mickewp.cloudshare.info\/?page_id=1433#breadcrumb","itemListElement":[{"@type":"ListItem","position":1,"name":"Hem","item":"https:\/\/mickewp.cloudshare.info\/"},{"@type":"ListItem","position":2,"name":"Bra sidor"}]},{"@type":"WebSite","@id":"https:\/\/mickewp.cloudshare.info\/#website","url":"https:\/\/mickewp.cloudshare.info\/","name":"Slacksson","description":"","potentialAction":[{"@type":"SearchAction","target":{"@type":"EntryPoint","urlTemplate":"https:\/\/mickewp.cloudshare.info\/?s={search_term_string}"},"query-input":"required name=search_term_string"}],"inLanguage":"sv-SE"}]}},"_links":{"self":[{"href":"https:\/\/mickewp.cloudshare.info\/index.php?rest_route=\/wp\/v2\/pages\/1433"}],"collection":[{"href":"https:\/\/mickewp.cloudshare.info\/index.php?rest_route=\/wp\/v2\/pages"}],"about":[{"href":"https:\/\/mickewp.cloudshare.info\/index.php?rest_route=\/wp\/v2\/types\/page"}],"author":[{"embeddable":true,"href":"https:\/\/mickewp.cloudshare.info\/index.php?rest_route=\/wp\/v2\/users\/1"}],"replies":[{"embeddable":true,"href":"https:\/\/mickewp.cloudshare.info\/index.php?rest_route=%2Fwp%2Fv2%2Fcomments&post=1433"}],"version-history":[{"count":4,"href":"https:\/\/mickewp.cloudshare.info\/index.php?rest_route=\/wp\/v2\/pages\/1433\/revisions"}],"predecessor-version":[{"id":9809,"href":"https:\/\/mickewp.cloudshare.info\/index.php?rest_route=\/wp\/v2\/pages\/1433\/revisions\/9809"}],"wp:attachment":[{"href":"https:\/\/mickewp.cloudshare.info\/index.php?rest_route=%2Fwp%2Fv2%2Fmedia&parent=1433"}],"curies":[{"name":"wp","href":"https:\/\/api.w.org\/{rel}","templated":true}]}}