{"id":14,"date":"2014-12-13T12:20:53","date_gmt":"2014-12-13T12:20:53","guid":{"rendered":"https:\/\/mickewp.cloudshare.info\/?page_id=14"},"modified":"2023-07-31T13:50:14","modified_gmt":"2023-07-31T11:50:14","slug":"hem-2","status":"publish","type":"page","link":"https:\/\/mickewp.cloudshare.info\/","title":{"rendered":"Slacksson"},"content":{"rendered":"<h3 style=\"text-align: center;\"><em>\u201cPhotography is the story I fail to put into words\u201d<\/em><\/h3>\n<p>&nbsp;<\/p>\n<p>&nbsp;<\/p>\n<p><center><\/center><span style=\"font-size: 16px; font-family: Georgia, Palatino;\"><span style=\"color: #ffcc00;\">Jag uppdaterar inte hemsidan l\u00e4ngre (sedan 2020). All publicering av mina foton sker ist\u00e4llet via mitt Instagram:<\/span> <strong><a href=\"https:\/\/www.instagram.com\/slacksson\/\" target=\"_blank\" rel=\"noopener\">Slacksson<\/a><\/strong><\/span><\/p>\n<p>&nbsp;<\/p>\n<h2 style=\"text-align: left;\">Senaste 3 Instagramfoton<\/h2>\n<p>&nbsp;<\/p>\n<p style=\"text-align: left;\">\r\n<div id=\"sb_instagram\"  class=\"sbi sbi_mob_col_1 sbi_tab_col_2 sbi_col_3 sbi_width_resp\" style=\"padding-bottom: 6px;\" data-feedid=\"*1\"  data-res=\"auto\" data-cols=\"3\" data-colsmobile=\"1\" data-colstablet=\"2\" data-num=\"3\" data-nummobile=\"3\" data-shortcode-atts=\"{&quot;feed&quot;:&quot;1&quot;,&quot;cachetime&quot;:30}\"  data-postid=\"14\" data-locatornonce=\"7700e16d54\" data-sbi-flags=\"resizeDisable,imageLoadDisable,ajaxPostLoad\">\r\n\t<div class=\"sb_instagram_header  sbi_no_avatar\"  style=\"padding: 3px;padding-bottom: 0; margin-bottom: 10px;\"  >\r\n\t<a href=\"https:\/\/www.instagram.com\/slacksson\/\" target=\"_blank\" rel=\"nofollow noopener\"  title=\"@slacksson\" class=\"sbi_header_link\">\r\n\t\t<div class=\"sbi_header_text sbi_no_bio\">\r\n\t\t\t\r\n\t\t\t<h3>slacksson<\/h3>\r\n\t\t\t\t\t<\/div>\r\n\r\n\t\t\t\t\t<div class=\"sbi_header_img\">\r\n\t\t\t\t\t\t\t\t\t\t\t\t\t<div class=\"sbi_header_hashtag_icon\"  ><svg class=\"sbi_new_logo fa-instagram fa-w-14\" aria-hidden=\"true\" data-fa-processed=\"\" aria-label=\"Instagram\" data-prefix=\"fab\" data-icon=\"instagram\" role=\"img\" viewBox=\"0 0 448 512\">\n\t                <path fill=\"currentColor\" d=\"M224.1 141c-63.6 0-114.9 51.3-114.9 114.9s51.3 114.9 114.9 114.9S339 319.5 339 255.9 287.7 141 224.1 141zm0 189.6c-41.1 0-74.7-33.5-74.7-74.7s33.5-74.7 74.7-74.7 74.7 33.5 74.7 74.7-33.6 74.7-74.7 74.7zm146.4-194.3c0 14.9-12 26.8-26.8 26.8-14.9 0-26.8-12-26.8-26.8s12-26.8 26.8-26.8 26.8 12 26.8 26.8zm76.1 27.2c-1.7-35.9-9.9-67.7-36.2-93.9-26.2-26.2-58-34.4-93.9-36.2-37-2.1-147.9-2.1-184.9 0-35.8 1.7-67.6 9.9-93.9 36.1s-34.4 58-36.2 93.9c-2.1 37-2.1 147.9 0 184.9 1.7 35.9 9.9 67.7 36.2 93.9s58 34.4 93.9 36.2c37 2.1 147.9 2.1 184.9 0 35.9-1.7 67.7-9.9 93.9-36.2 26.2-26.2 34.4-58 36.2-93.9 2.1-37 2.1-147.8 0-184.8zM398.8 388c-7.8 19.6-22.9 34.7-42.6 42.6-29.5 11.7-99.5 9-132.1 9s-102.7 2.6-132.1-9c-19.6-7.8-34.7-22.9-42.6-42.6-11.7-29.5-9-99.5-9-132.1s-2.6-102.7 9-132.1c7.8-19.6 22.9-34.7 42.6-42.6 29.5-11.7 99.5-9 132.1-9s102.7-2.6 132.1 9c19.6 7.8 34.7 22.9 42.6 42.6 11.7 29.5 9 99.5 9 132.1s2.7 102.7-9 132.1z\"><\/path>\n\t            <\/svg><\/div>\r\n\t\t\t\t\t\t\t<\/div>\r\n\t\t\r\n\t<\/a>\r\n<\/div>\r\n\r\n    <div id=\"sbi_images\"  style=\"padding: 3px;\">\r\n\t\t    <\/div>\r\n\r\n\t<div id=\"sbi_load\" >\r\n\r\n\t\t\t<a class=\"sbi_load_btn\" href=\"javascript:void(0);\">\r\n\t\t\t<span class=\"sbi_btn_text\">Ladda fler<\/span>\r\n\t\t\t<span class=\"sbi_loader sbi_hidden\" style=\"background-color: rgb(255, 255, 255);\" aria-hidden=\"true\"><\/span>\r\n\t\t<\/a>\r\n\t\r\n\t\t\t<span class=\"sbi_follow_btn sbi_custom\">\r\n        <a href=\"https:\/\/www.instagram.com\/slacksson\/\" style=\"background: rgb(64,139,209);\" target=\"_blank\" rel=\"nofollow noopener\">\r\n            <svg class=\"svg-inline--fa fa-instagram fa-w-14\" aria-hidden=\"true\" data-fa-processed=\"\" aria-label=\"Instagram\" data-prefix=\"fab\" data-icon=\"instagram\" role=\"img\" viewBox=\"0 0 448 512\">\n\t                <path fill=\"currentColor\" d=\"M224.1 141c-63.6 0-114.9 51.3-114.9 114.9s51.3 114.9 114.9 114.9S339 319.5 339 255.9 287.7 141 224.1 141zm0 189.6c-41.1 0-74.7-33.5-74.7-74.7s33.5-74.7 74.7-74.7 74.7 33.5 74.7 74.7-33.6 74.7-74.7 74.7zm146.4-194.3c0 14.9-12 26.8-26.8 26.8-14.9 0-26.8-12-26.8-26.8s12-26.8 26.8-26.8 26.8 12 26.8 26.8zm76.1 27.2c-1.7-35.9-9.9-67.7-36.2-93.9-26.2-26.2-58-34.4-93.9-36.2-37-2.1-147.9-2.1-184.9 0-35.8 1.7-67.6 9.9-93.9 36.1s-34.4 58-36.2 93.9c-2.1 37-2.1 147.9 0 184.9 1.7 35.9 9.9 67.7 36.2 93.9s58 34.4 93.9 36.2c37 2.1 147.9 2.1 184.9 0 35.9-1.7 67.7-9.9 93.9-36.2 26.2-26.2 34.4-58 36.2-93.9 2.1-37 2.1-147.8 0-184.8zM398.8 388c-7.8 19.6-22.9 34.7-42.6 42.6-29.5 11.7-99.5 9-132.1 9s-102.7 2.6-132.1-9c-19.6-7.8-34.7-22.9-42.6-42.6-11.7-29.5-9-99.5-9-132.1s-2.6-102.7 9-132.1c7.8-19.6 22.9-34.7 42.6-42.6 29.5-11.7 99.5-9 132.1-9s102.7-2.6 132.1 9c19.6 7.8 34.7 22.9 42.6 42.6 11.7 29.5 9 99.5 9 132.1s2.7 102.7-9 132.1z\"><\/path>\n\t            <\/svg>            <span>F\u00f6lj min Instagram<\/span>\r\n        <\/a>\r\n    <\/span>\r\n\t\r\n<\/div>\r\n\r\n\t    <span class=\"sbi_resized_image_data\" data-feed-id=\"*1\" data-resized=\"[]\">\n\t<\/span>\n\t<\/div>\r\n\r\n<\/p>\n<p>&nbsp;<\/p>\n<p style=\"text-align: justify;\">Fotografering \u00e4r en passion och f\u00f6r min egen del \u00e4r det ett s\u00e4tt att visa\u00a0andra hur v\u00e4rlden ser ut genom mina \u00f6gon. Om du sen uppfattar den annorlunda \u00e4n mig vilket du antagligen g\u00f6r, s\u00e5 betyder kanske fotona n\u00e5got helt annat f\u00f6r dig. Det som fascinerar mig allra mest med fotografering\u00a0\u00e4r det faktum att ett enskilt litet\u00a0foto som tagits i ett \u00f6gonblick i tiden kan bli oerh\u00f6rt kraftfullt i sitt s\u00e4tt att exempelvis skapa och uttrycka k\u00e4nslor. L\u00e4gg d\u00e4r till att tv\u00e5 personer som iakttar samma\u00a0foto kan f\u00e5 precis lika starkt intryck av det men \u00e4nd\u00e5 p\u00e5 helt olika s\u00e4tt. Fascinerande!<\/p>\n<h4 style=\"text-align: right;\">\u00a0<img decoding=\"async\" loading=\"lazy\" class=\"alignright wp-image-2275 size-full\" src=\"http:\/\/mickewp.cloudshare.info\/wp-content\/uploads\/2015\/04\/slacksson4thumb.png\" alt=\"\" width=\"26\" height=\"30\" \/>\u00a0<a href=\"https:\/\/mickewp.cloudshare.info\/om\/\">Slacksson<\/a><\/h4>\n<h3>Senaste Fotografens tankar<\/h3>\n<p style=\"text-align: justify;\"><div class=\"rpfc-container\"><ul><li><a href=\"https:\/\/mickewp.cloudshare.info\/?p=17629\">Nya foton tillagda<\/a><br><span>Nya foton tillagda under Fotogalleriet. P\u00e5 startsidan finns \u00e4ven mitt Instagram numera.<\/span><br><small>Slacksson - 18 maj, 2018<\/small><\/li><li><a href=\"https:\/\/mickewp.cloudshare.info\/?p=16394\">Det tog tid, men pl\u00f6tsligt h\u00e4nder det!<\/a><br><span>\u00d6ver tv\u00e5 \u00e5r sedan jag uppdaterade den h\u00e4r sidan. Men nu \u00e4ntligen \u00e4r den ig\u00e5ng igen och jag har lagt upp n\u00e5gra nya foton. Ska f\u00f6rs\u00f6ka h\u00e5lla liv i det h\u00e4r \ud83d\ude42<\/span><br><small>Slacksson - 4 april, 2018<\/small><\/li><\/ul><\/div><\/p>\n<h3 style=\"text-align: justify;\">Fotorelaterade nyheter<\/h3>\n<p>[wp-rss-aggregator]<\/p>\n","protected":false},"excerpt":{"rendered":"<p>\u201cPhotography is the story I fail to put into words\u201d &nbsp; &nbsp; Jag uppdaterar inte hemsidan l\u00e4ngre (sedan 2020). All publicering av mina foton sker ist\u00e4llet via mitt Instagram: Slacksson &nbsp; Senaste 3 Instagramfoton &nbsp; &nbsp; Fotografering \u00e4r en passion och f\u00f6r min egen del \u00e4r det ett s\u00e4tt att visa\u00a0andra hur v\u00e4rlden ser ut [&hellip;]<\/p>\n","protected":false},"author":1,"featured_media":9733,"parent":0,"menu_order":0,"comment_status":"closed","ping_status":"open","template":"","meta":[],"yoast_head":"<!-- This site is optimized with the Yoast SEO plugin v20.12 - https:\/\/yoast.com\/wordpress\/plugins\/seo\/ -->\n<title>Slacksson - Ser v\u00e4rlden genom fotografier<\/title>\n<meta name=\"description\" content=\"V\u00e4lkommen till Slacksson.se! H\u00e4r hittar du foton, blogg och VIP sektion. Du kan f\u00e5 dina egna foton publicerade om du blir VIP. \u00c4ven film och tv-serietips.\" \/>\n<meta name=\"robots\" content=\"index, follow, max-snippet:-1, max-image-preview:large, max-video-preview:-1\" \/>\n<link rel=\"canonical\" href=\"https:\/\/mickewp.cloudshare.info\/\" \/>\n<meta property=\"og:locale\" content=\"sv_SE\" \/>\n<meta property=\"og:type\" content=\"article\" \/>\n<meta property=\"og:title\" content=\"Slacksson - Ser v\u00e4rlden genom fotografier\" \/>\n<meta property=\"og:description\" content=\"V\u00e4lkommen till Slacksson.se! H\u00e4r hittar du foton, blogg och VIP sektion. Du kan f\u00e5 dina egna foton publicerade om du blir VIP. \u00c4ven film och tv-serietips.\" \/>\n<meta property=\"og:url\" content=\"https:\/\/mickewp.cloudshare.info\/\" \/>\n<meta property=\"og:site_name\" content=\"Slacksson\" \/>\n<meta property=\"article:modified_time\" content=\"2023-07-31T11:50:14+00:00\" \/>\n<meta property=\"og:image\" content=\"https:\/\/mickewp.cloudshare.info\/wp-content\/uploads\/2016\/03\/Central60.jpg\" \/>\n\t<meta property=\"og:image:width\" content=\"1200\" \/>\n\t<meta property=\"og:image:height\" content=\"425\" \/>\n\t<meta property=\"og:image:type\" content=\"image\/jpeg\" \/>\n<meta name=\"twitter:card\" content=\"summary_large_image\" \/>\n<meta name=\"twitter:site\" content=\"@slacksson\" \/>\n<meta name=\"twitter:label1\" content=\"Ber\u00e4knad l\u00e4stid\" \/>\n\t<meta name=\"twitter:data1\" content=\"1 minut\" \/>\n<script type=\"application\/ld+json\" class=\"yoast-schema-graph\">{\"@context\":\"https:\/\/schema.org\",\"@graph\":[{\"@type\":\"WebPage\",\"@id\":\"https:\/\/mickewp.cloudshare.info\/\",\"url\":\"https:\/\/mickewp.cloudshare.info\/\",\"name\":\"Slacksson - Ser v\u00e4rlden genom fotografier\",\"isPartOf\":{\"@id\":\"https:\/\/mickewp.cloudshare.info\/#website\"},\"datePublished\":\"2014-12-13T12:20:53+00:00\",\"dateModified\":\"2023-07-31T11:50:14+00:00\",\"description\":\"V\u00e4lkommen till Slacksson.se! H\u00e4r hittar du foton, blogg och VIP sektion. Du kan f\u00e5 dina egna foton publicerade om du blir VIP. \u00c4ven film och tv-serietips.\",\"breadcrumb\":{\"@id\":\"https:\/\/mickewp.cloudshare.info\/#breadcrumb\"},\"inLanguage\":\"sv-SE\",\"potentialAction\":[{\"@type\":\"ReadAction\",\"target\":[\"https:\/\/mickewp.cloudshare.info\/\"]}]},{\"@type\":\"BreadcrumbList\",\"@id\":\"https:\/\/mickewp.cloudshare.info\/#breadcrumb\",\"itemListElement\":[{\"@type\":\"ListItem\",\"position\":1,\"name\":\"Hem\",\"item\":\"https:\/\/mickewp.cloudshare.info\/\"},{\"@type\":\"ListItem\",\"position\":2,\"name\":\"Slacksson\"}]},{\"@type\":\"WebSite\",\"@id\":\"https:\/\/mickewp.cloudshare.info\/#website\",\"url\":\"https:\/\/mickewp.cloudshare.info\/\",\"name\":\"Slacksson\",\"description\":\"\",\"potentialAction\":[{\"@type\":\"SearchAction\",\"target\":{\"@type\":\"EntryPoint\",\"urlTemplate\":\"https:\/\/mickewp.cloudshare.info\/?s={search_term_string}\"},\"query-input\":\"required name=search_term_string\"}],\"inLanguage\":\"sv-SE\"}]}<\/script>\n<!-- \/ Yoast SEO plugin. -->","yoast_head_json":{"title":"Slacksson - Ser v\u00e4rlden genom fotografier","description":"V\u00e4lkommen till Slacksson.se! H\u00e4r hittar du foton, blogg och VIP sektion. Du kan f\u00e5 dina egna foton publicerade om du blir VIP. \u00c4ven film och tv-serietips.","robots":{"index":"index","follow":"follow","max-snippet":"max-snippet:-1","max-image-preview":"max-image-preview:large","max-video-preview":"max-video-preview:-1"},"canonical":"https:\/\/mickewp.cloudshare.info\/","og_locale":"sv_SE","og_type":"article","og_title":"Slacksson - Ser v\u00e4rlden genom fotografier","og_description":"V\u00e4lkommen till Slacksson.se! H\u00e4r hittar du foton, blogg och VIP sektion. Du kan f\u00e5 dina egna foton publicerade om du blir VIP. \u00c4ven film och tv-serietips.","og_url":"https:\/\/mickewp.cloudshare.info\/","og_site_name":"Slacksson","article_modified_time":"2023-07-31T11:50:14+00:00","og_image":[{"width":1200,"height":425,"url":"https:\/\/mickewp.cloudshare.info\/wp-content\/uploads\/2016\/03\/Central60.jpg","type":"image\/jpeg"}],"twitter_card":"summary_large_image","twitter_site":"@slacksson","twitter_misc":{"Ber\u00e4knad l\u00e4stid":"1 minut"},"schema":{"@context":"https:\/\/schema.org","@graph":[{"@type":"WebPage","@id":"https:\/\/mickewp.cloudshare.info\/","url":"https:\/\/mickewp.cloudshare.info\/","name":"Slacksson - Ser v\u00e4rlden genom fotografier","isPartOf":{"@id":"https:\/\/mickewp.cloudshare.info\/#website"},"datePublished":"2014-12-13T12:20:53+00:00","dateModified":"2023-07-31T11:50:14+00:00","description":"V\u00e4lkommen till Slacksson.se! H\u00e4r hittar du foton, blogg och VIP sektion. Du kan f\u00e5 dina egna foton publicerade om du blir VIP. \u00c4ven film och tv-serietips.","breadcrumb":{"@id":"https:\/\/mickewp.cloudshare.info\/#breadcrumb"},"inLanguage":"sv-SE","potentialAction":[{"@type":"ReadAction","target":["https:\/\/mickewp.cloudshare.info\/"]}]},{"@type":"BreadcrumbList","@id":"https:\/\/mickewp.cloudshare.info\/#breadcrumb","itemListElement":[{"@type":"ListItem","position":1,"name":"Hem","item":"https:\/\/mickewp.cloudshare.info\/"},{"@type":"ListItem","position":2,"name":"Slacksson"}]},{"@type":"WebSite","@id":"https:\/\/mickewp.cloudshare.info\/#website","url":"https:\/\/mickewp.cloudshare.info\/","name":"Slacksson","description":"","potentialAction":[{"@type":"SearchAction","target":{"@type":"EntryPoint","urlTemplate":"https:\/\/mickewp.cloudshare.info\/?s={search_term_string}"},"query-input":"required name=search_term_string"}],"inLanguage":"sv-SE"}]}},"_links":{"self":[{"href":"https:\/\/mickewp.cloudshare.info\/index.php?rest_route=\/wp\/v2\/pages\/14"}],"collection":[{"href":"https:\/\/mickewp.cloudshare.info\/index.php?rest_route=\/wp\/v2\/pages"}],"about":[{"href":"https:\/\/mickewp.cloudshare.info\/index.php?rest_route=\/wp\/v2\/types\/page"}],"author":[{"embeddable":true,"href":"https:\/\/mickewp.cloudshare.info\/index.php?rest_route=\/wp\/v2\/users\/1"}],"replies":[{"embeddable":true,"href":"https:\/\/mickewp.cloudshare.info\/index.php?rest_route=%2Fwp%2Fv2%2Fcomments&post=14"}],"version-history":[{"count":34,"href":"https:\/\/mickewp.cloudshare.info\/index.php?rest_route=\/wp\/v2\/pages\/14\/revisions"}],"predecessor-version":[{"id":40816,"href":"https:\/\/mickewp.cloudshare.info\/index.php?rest_route=\/wp\/v2\/pages\/14\/revisions\/40816"}],"wp:featuredmedia":[{"embeddable":true,"href":"https:\/\/mickewp.cloudshare.info\/index.php?rest_route=\/wp\/v2\/media\/9733"}],"wp:attachment":[{"href":"https:\/\/mickewp.cloudshare.info\/index.php?rest_route=%2Fwp%2Fv2%2Fmedia&parent=14"}],"curies":[{"name":"wp","href":"https:\/\/api.w.org\/{rel}","templated":true}]}}