{"id":1339,"date":"2015-04-03T09:01:29","date_gmt":"2015-04-03T09:01:29","guid":{"rendered":"https:\/\/mickewp.cloudshare.info\/?page_id=1339"},"modified":"2015-10-09T11:04:25","modified_gmt":"2015-10-09T09:04:25","slug":"vip-galleri","status":"publish","type":"page","link":"https:\/\/mickewp.cloudshare.info\/?page_id=1339","title":{"rendered":"VIP Galleri"},"content":{"rendered":"<h2>VIP Galleri<\/h2>\n<p>&nbsp;<\/p>\n<p>H\u00e4r p\u00e5 VIP Galleri kan du som \u00e4r eller blir VIP medlem f\u00e5 dina egna foton publicerade. Du f\u00e5r ocks\u00e5 m\u00f6jlighet att l\u00e4gga till\u00a0text om det \u00e4r n\u00e5got du vill ber\u00e4tta eller f\u00f6rklara kring fotona. F\u00f6rutom att ditt foto hamnar i VIP galleriet kommer du \u00e4ven f\u00e5 det placerat p\u00e5 hemsidans f\u00f6rstasida.<\/p>\n<p>&nbsp;<\/p>\n<p style=\"text-align: center;\"><a href=\"https:\/\/mickewp.cloudshare.info\/ladda-upp-foto\/\">Ladda upp foto\/foton<\/a>\u00a0<span style=\"font-size: 12px;\">(fungerar bara om du \u00e4r inloggad)<\/span><\/p>\n<p>&nbsp;<\/p>\n<style type=\"text\/css\">\r\n\t#foogallery-gallery-1334 .fg-image {\r\n        width: 200px;\r\n    }\r\n<\/style>\r\n\t\t\t\t<div class=\"foogallery foogallery-container foogallery-default foogallery-lightbox-foobox-free fg-gutter-10 fg-center fg-default fg-dark fg-border-thin fg-shadow-small fg-loading-default fg-loaded-fade-in fg-caption-hover fg-hover-fade fg-hover-zoom fg-ready\" id=\"foogallery-gallery-1334\" data-foogallery=\"{&quot;item&quot;:{&quot;showCaptionTitle&quot;:true,&quot;showCaptionDescription&quot;:true},&quot;lazy&quot;:true}\" >\r\n\t<div class=\"fg-item fg-type-image fg-idle\"><figure class=\"fg-item-inner\"><a href=\"https:\/\/mickewp.cloudshare.info\/wp-content\/uploads\/2015\/04\/2015-04-15-22.26.47-e1429163630969.jpg\" data-caption-title=\"Gryning \u00c5hus\" data-attachment-id=\"1699\" class=\"fg-thumb\"><span class=\"fg-image-wrap\"><img alt=\"VIP Galleriet: Fotograf Miliamill\" title=\"Gryning \u00c5hus\" width=\"200\" height=\"150\" class=\"skip-lazy fg-image\" data-src-fg=\"https:\/\/mickewp.cloudshare.info\/wp-content\/uploads\/2015\/04\/2015-04-15-22.26.47-e1429163630969.jpg\" src=\"data:image\/svg+xml,%3Csvg%20xmlns%3D%22http%3A%2F%2Fwww.w3.org%2F2000%2Fsvg%22%20width%3D%22200%22%20height%3D%22150%22%20viewBox%3D%220%200%20200%20150%22%3E%3C%2Fsvg%3E\" loading=\"eager\"><\/span><span class=\"fg-image-overlay\"><\/span><\/a><figcaption class=\"fg-caption\"><div class=\"fg-caption-inner\"><div class=\"fg-caption-title\">Gryning \u00c5hus<\/div><\/div><\/figcaption><\/figure><div class=\"fg-loader\"><\/div><\/div><div class=\"fg-item fg-type-image fg-idle\"><figure class=\"fg-item-inner\"><a href=\"https:\/\/mickewp.cloudshare.info\/wp-content\/uploads\/2015\/04\/2015-04-15-22.20.58-e1429163617578.jpg\" data-caption-title=\"Wave\" data-attachment-id=\"1698\" class=\"fg-thumb\"><span class=\"fg-image-wrap\"><img alt=\"VIP Galleriet: Fotograf Miliamill\" title=\"Wave\" width=\"200\" height=\"150\" class=\"skip-lazy fg-image\" data-src-fg=\"https:\/\/mickewp.cloudshare.info\/wp-content\/uploads\/2015\/04\/2015-04-15-22.20.58-e1429163617578.jpg\" src=\"data:image\/svg+xml,%3Csvg%20xmlns%3D%22http%3A%2F%2Fwww.w3.org%2F2000%2Fsvg%22%20width%3D%22200%22%20height%3D%22150%22%20viewBox%3D%220%200%20200%20150%22%3E%3C%2Fsvg%3E\" loading=\"eager\"><\/span><span class=\"fg-image-overlay\"><\/span><\/a><figcaption class=\"fg-caption\"><div class=\"fg-caption-inner\"><div class=\"fg-caption-title\">Wave<\/div><\/div><\/figcaption><\/figure><div class=\"fg-loader\"><\/div><\/div><div class=\"fg-item fg-type-image fg-idle\"><figure class=\"fg-item-inner\"><a href=\"https:\/\/mickewp.cloudshare.info\/wp-content\/uploads\/2015\/04\/2015-04-15-22.16.37-e1429163593140.jpg\" data-caption-title=\"Road\" data-attachment-id=\"1697\" class=\"fg-thumb\"><span class=\"fg-image-wrap\"><img alt=\"VIP Galleriet: Fotograf Miliamill\" title=\"Road\" width=\"200\" height=\"150\" class=\"skip-lazy fg-image\" data-src-fg=\"https:\/\/mickewp.cloudshare.info\/wp-content\/uploads\/2015\/04\/2015-04-15-22.16.37-e1429163593140.jpg\" src=\"data:image\/svg+xml,%3Csvg%20xmlns%3D%22http%3A%2F%2Fwww.w3.org%2F2000%2Fsvg%22%20width%3D%22200%22%20height%3D%22150%22%20viewBox%3D%220%200%20200%20150%22%3E%3C%2Fsvg%3E\" loading=\"eager\"><\/span><span class=\"fg-image-overlay\"><\/span><\/a><figcaption class=\"fg-caption\"><div class=\"fg-caption-inner\"><div class=\"fg-caption-title\">Road<\/div><\/div><\/figcaption><\/figure><div class=\"fg-loader\"><\/div><\/div><div class=\"fg-item fg-type-image fg-idle\"><figure class=\"fg-item-inner\"><a href=\"https:\/\/mickewp.cloudshare.info\/wp-content\/uploads\/2015\/04\/Brisa.jpg\" data-caption-title=\"Brisa passar p\u00e5 att njuta i soffan\" data-attachment-id=\"1566\" class=\"fg-thumb\"><span class=\"fg-image-wrap\"><img alt=\"VIP Galleriet: Fotograf Fredrikwho\" title=\"Brisa passar p\u00e5 att njuta i soffan\" width=\"200\" height=\"150\" class=\"skip-lazy fg-image\" data-src-fg=\"https:\/\/mickewp.cloudshare.info\/wp-content\/uploads\/2015\/04\/Brisa.jpg\" src=\"data:image\/svg+xml,%3Csvg%20xmlns%3D%22http%3A%2F%2Fwww.w3.org%2F2000%2Fsvg%22%20width%3D%22200%22%20height%3D%22150%22%20viewBox%3D%220%200%20200%20150%22%3E%3C%2Fsvg%3E\" loading=\"eager\"><\/span><span class=\"fg-image-overlay\"><\/span><\/a><figcaption class=\"fg-caption\"><div class=\"fg-caption-inner\"><div class=\"fg-caption-title\">Brisa passar p\u00e5 att njuta i soffan<\/div><\/div><\/figcaption><\/figure><div class=\"fg-loader\"><\/div><\/div><div class=\"fg-item fg-type-image fg-idle\"><figure class=\"fg-item-inner\"><a href=\"https:\/\/mickewp.cloudshare.info\/wp-content\/uploads\/2015\/04\/Athena.jpg\" data-caption-title=\"Athena saknar etikett och har inte l\u00e4rt sig att det \u00e4r fult att lipa\" data-attachment-id=\"1565\" class=\"fg-thumb\"><span class=\"fg-image-wrap\"><img alt=\"VIP Galleriet: Fotograf Fredrikwho\" title=\"Athena saknar etikett och har inte l\u00e4rt sig att det \u00e4r fult att lipa\" width=\"200\" height=\"150\" class=\"skip-lazy fg-image\" data-src-fg=\"https:\/\/mickewp.cloudshare.info\/wp-content\/uploads\/2015\/04\/Athena.jpg\" src=\"data:image\/svg+xml,%3Csvg%20xmlns%3D%22http%3A%2F%2Fwww.w3.org%2F2000%2Fsvg%22%20width%3D%22200%22%20height%3D%22150%22%20viewBox%3D%220%200%20200%20150%22%3E%3C%2Fsvg%3E\" loading=\"eager\"><\/span><span class=\"fg-image-overlay\"><\/span><\/a><figcaption class=\"fg-caption\"><div class=\"fg-caption-inner\"><div class=\"fg-caption-title\">Athena saknar etikett och har inte l\u00e4rt sig att det \u00e4r fult att lipa<\/div><\/div><\/figcaption><\/figure><div class=\"fg-loader\"><\/div><\/div><div class=\"fg-item fg-type-image fg-idle\"><figure class=\"fg-item-inner\"><a href=\"https:\/\/mickewp.cloudshare.info\/wp-content\/uploads\/2015\/04\/t-bana.jpg\" data-caption-title=\"Kommunaltrafiken \u00e4r farligare \u00e4n man tror\" data-attachment-id=\"1541\" class=\"fg-thumb\"><span class=\"fg-image-wrap\"><img alt=\"VIP Galleriet: Fotograf Fredrikwho\" title=\"Kommunaltrafiken \u00e4r farligare \u00e4n man tror\" width=\"200\" height=\"150\" class=\"skip-lazy fg-image\" data-src-fg=\"https:\/\/mickewp.cloudshare.info\/wp-content\/uploads\/2015\/04\/t-bana.jpg\" src=\"data:image\/svg+xml,%3Csvg%20xmlns%3D%22http%3A%2F%2Fwww.w3.org%2F2000%2Fsvg%22%20width%3D%22200%22%20height%3D%22150%22%20viewBox%3D%220%200%20200%20150%22%3E%3C%2Fsvg%3E\" loading=\"eager\"><\/span><span class=\"fg-image-overlay\"><\/span><\/a><figcaption class=\"fg-caption\"><div class=\"fg-caption-inner\"><div class=\"fg-caption-title\">Kommunaltrafiken \u00e4r farligare \u00e4n man tror<\/div><\/div><\/figcaption><\/figure><div class=\"fg-loader\"><\/div><\/div><\/div>\r\n<style type=\"text\/css\">.foogallery-container img  {\r\n    opacity: 0.7 !important;\r\n    filter: alpha(opacity=50) !important; \/* For IE8 and earlier *\/\r\n    -webkit-transition: opacity 0.25s ease-in-out !important;\r\n    -moz-transition: opacity 0.25s ease-in-out !important;\r\n    -ms-transition: opacity 0.25s ease-in-out !important;\r\n    -o-transition: opacity 0.25s ease-in-out !important;\r\n  \ttransition: opacity 0.25s ease-in-out !important;\r\n     margin-bottom: 0 !important;\r\n}\r\n\r\n.foogallery-container img:hover {\r\n     opacity: 1 !important;\r\n    filter: alpha(opacity=100) !important; \/* For IE8 and earlier *\/\r\n}<\/style>\n","protected":false},"excerpt":{"rendered":"<p>VIP Galleri &nbsp; H\u00e4r p\u00e5 VIP Galleri kan du som \u00e4r eller blir VIP medlem f\u00e5 dina egna foton publicerade. Du f\u00e5r ocks\u00e5 m\u00f6jlighet att l\u00e4gga till\u00a0text om det \u00e4r n\u00e5got du vill ber\u00e4tta eller f\u00f6rklara kring fotona. F\u00f6rutom att ditt foto hamnar i VIP galleriet kommer du \u00e4ven f\u00e5 det placerat p\u00e5 hemsidans f\u00f6rstasida. [&hellip;]<\/p>\n","protected":false},"author":1,"featured_media":0,"parent":0,"menu_order":0,"comment_status":"open","ping_status":"open","template":"","meta":[],"yoast_head":"<!-- This site is optimized with the Yoast SEO plugin v20.12 - https:\/\/yoast.com\/wordpress\/plugins\/seo\/ -->\n<title>VIP Galleri - Slacksson - VIP fotografier<\/title>\n<meta name=\"description\" content=\"VIP Galleri. H\u00e4r har du m\u00f6jlighet att f\u00e5 dina egna foton publicerade. Du kan l\u00e4gga till text om det \u00e4r n\u00e5got du vill ber\u00e4tta eller f\u00f6rklara kring fotona.\" \/>\n<meta name=\"robots\" content=\"index, follow, max-snippet:-1, max-image-preview:large, max-video-preview:-1\" \/>\n<link rel=\"canonical\" href=\"https:\/\/mickewp.cloudshare.info\/?page_id=1339\" \/>\n<meta property=\"og:locale\" content=\"sv_SE\" \/>\n<meta property=\"og:type\" content=\"article\" \/>\n<meta property=\"og:title\" content=\"VIP Galleri - Slacksson - VIP fotografier\" \/>\n<meta property=\"og:description\" content=\"VIP Galleri. H\u00e4r har du m\u00f6jlighet att f\u00e5 dina egna foton publicerade. Du kan l\u00e4gga till text om det \u00e4r n\u00e5got du vill ber\u00e4tta eller f\u00f6rklara kring fotona.\" \/>\n<meta property=\"og:url\" content=\"https:\/\/mickewp.cloudshare.info\/?page_id=1339\" \/>\n<meta property=\"og:site_name\" content=\"Slacksson\" \/>\n<meta property=\"article:modified_time\" content=\"2015-10-09T09:04:25+00:00\" \/>\n<meta name=\"twitter:card\" content=\"summary_large_image\" \/>\n<meta name=\"twitter:site\" content=\"@slacksson\" \/>\n<script type=\"application\/ld+json\" class=\"yoast-schema-graph\">{\"@context\":\"https:\/\/schema.org\",\"@graph\":[{\"@type\":\"WebPage\",\"@id\":\"https:\/\/mickewp.cloudshare.info\/?page_id=1339\",\"url\":\"https:\/\/mickewp.cloudshare.info\/?page_id=1339\",\"name\":\"VIP Galleri - Slacksson - VIP fotografier\",\"isPartOf\":{\"@id\":\"https:\/\/mickewp.cloudshare.info\/#website\"},\"datePublished\":\"2015-04-03T09:01:29+00:00\",\"dateModified\":\"2015-10-09T09:04:25+00:00\",\"description\":\"VIP Galleri. H\u00e4r har du m\u00f6jlighet att f\u00e5 dina egna foton publicerade. Du kan l\u00e4gga till text om det \u00e4r n\u00e5got du vill ber\u00e4tta eller f\u00f6rklara kring fotona.\",\"breadcrumb\":{\"@id\":\"https:\/\/mickewp.cloudshare.info\/?page_id=1339#breadcrumb\"},\"inLanguage\":\"sv-SE\",\"potentialAction\":[{\"@type\":\"ReadAction\",\"target\":[\"https:\/\/mickewp.cloudshare.info\/?page_id=1339\"]}]},{\"@type\":\"BreadcrumbList\",\"@id\":\"https:\/\/mickewp.cloudshare.info\/?page_id=1339#breadcrumb\",\"itemListElement\":[{\"@type\":\"ListItem\",\"position\":1,\"name\":\"Hem\",\"item\":\"https:\/\/mickewp.cloudshare.info\/\"},{\"@type\":\"ListItem\",\"position\":2,\"name\":\"VIP Galleri\"}]},{\"@type\":\"WebSite\",\"@id\":\"https:\/\/mickewp.cloudshare.info\/#website\",\"url\":\"https:\/\/mickewp.cloudshare.info\/\",\"name\":\"Slacksson\",\"description\":\"\",\"potentialAction\":[{\"@type\":\"SearchAction\",\"target\":{\"@type\":\"EntryPoint\",\"urlTemplate\":\"https:\/\/mickewp.cloudshare.info\/?s={search_term_string}\"},\"query-input\":\"required name=search_term_string\"}],\"inLanguage\":\"sv-SE\"}]}<\/script>\n<!-- \/ Yoast SEO plugin. -->","yoast_head_json":{"title":"VIP Galleri - Slacksson - VIP fotografier","description":"VIP Galleri. H\u00e4r har du m\u00f6jlighet att f\u00e5 dina egna foton publicerade. Du kan l\u00e4gga till text om det \u00e4r n\u00e5got du vill ber\u00e4tta eller f\u00f6rklara kring fotona.","robots":{"index":"index","follow":"follow","max-snippet":"max-snippet:-1","max-image-preview":"max-image-preview:large","max-video-preview":"max-video-preview:-1"},"canonical":"https:\/\/mickewp.cloudshare.info\/?page_id=1339","og_locale":"sv_SE","og_type":"article","og_title":"VIP Galleri - Slacksson - VIP fotografier","og_description":"VIP Galleri. H\u00e4r har du m\u00f6jlighet att f\u00e5 dina egna foton publicerade. Du kan l\u00e4gga till text om det \u00e4r n\u00e5got du vill ber\u00e4tta eller f\u00f6rklara kring fotona.","og_url":"https:\/\/mickewp.cloudshare.info\/?page_id=1339","og_site_name":"Slacksson","article_modified_time":"2015-10-09T09:04:25+00:00","twitter_card":"summary_large_image","twitter_site":"@slacksson","schema":{"@context":"https:\/\/schema.org","@graph":[{"@type":"WebPage","@id":"https:\/\/mickewp.cloudshare.info\/?page_id=1339","url":"https:\/\/mickewp.cloudshare.info\/?page_id=1339","name":"VIP Galleri - Slacksson - VIP fotografier","isPartOf":{"@id":"https:\/\/mickewp.cloudshare.info\/#website"},"datePublished":"2015-04-03T09:01:29+00:00","dateModified":"2015-10-09T09:04:25+00:00","description":"VIP Galleri. H\u00e4r har du m\u00f6jlighet att f\u00e5 dina egna foton publicerade. Du kan l\u00e4gga till text om det \u00e4r n\u00e5got du vill ber\u00e4tta eller f\u00f6rklara kring fotona.","breadcrumb":{"@id":"https:\/\/mickewp.cloudshare.info\/?page_id=1339#breadcrumb"},"inLanguage":"sv-SE","potentialAction":[{"@type":"ReadAction","target":["https:\/\/mickewp.cloudshare.info\/?page_id=1339"]}]},{"@type":"BreadcrumbList","@id":"https:\/\/mickewp.cloudshare.info\/?page_id=1339#breadcrumb","itemListElement":[{"@type":"ListItem","position":1,"name":"Hem","item":"https:\/\/mickewp.cloudshare.info\/"},{"@type":"ListItem","position":2,"name":"VIP Galleri"}]},{"@type":"WebSite","@id":"https:\/\/mickewp.cloudshare.info\/#website","url":"https:\/\/mickewp.cloudshare.info\/","name":"Slacksson","description":"","potentialAction":[{"@type":"SearchAction","target":{"@type":"EntryPoint","urlTemplate":"https:\/\/mickewp.cloudshare.info\/?s={search_term_string}"},"query-input":"required name=search_term_string"}],"inLanguage":"sv-SE"}]}},"_links":{"self":[{"href":"https:\/\/mickewp.cloudshare.info\/index.php?rest_route=\/wp\/v2\/pages\/1339"}],"collection":[{"href":"https:\/\/mickewp.cloudshare.info\/index.php?rest_route=\/wp\/v2\/pages"}],"about":[{"href":"https:\/\/mickewp.cloudshare.info\/index.php?rest_route=\/wp\/v2\/types\/page"}],"author":[{"embeddable":true,"href":"https:\/\/mickewp.cloudshare.info\/index.php?rest_route=\/wp\/v2\/users\/1"}],"replies":[{"embeddable":true,"href":"https:\/\/mickewp.cloudshare.info\/index.php?rest_route=%2Fwp%2Fv2%2Fcomments&post=1339"}],"version-history":[{"count":0,"href":"https:\/\/mickewp.cloudshare.info\/index.php?rest_route=\/wp\/v2\/pages\/1339\/revisions"}],"wp:attachment":[{"href":"https:\/\/mickewp.cloudshare.info\/index.php?rest_route=%2Fwp%2Fv2%2Fmedia&parent=1339"}],"curies":[{"name":"wp","href":"https:\/\/api.w.org\/{rel}","templated":true}]}}